. Let t(z) = -7*z + 4. Let r be t(n). Calculate the remainder when 127 is divided by (28/(-21))/((-2)/r).
23
Suppose -3*p - 105 = -6*p - 5*t, 4*p = -3*t + 129. Suppose 0 = -3*a - r + p + 13, 4*a - r = 62. Calculate the remainder when 42 is divided by a.
12
Let w = -32 + 32. Suppose 4*m + 17 = -s, -3*s - s - 4*m - 20 = w. Calculate the remainder when 29 is divided by (0/s - -1)/((-8)/(-64)).
5
Let x(j) = -j + 5. Let p(m) = -2*m**3 + 48*m**2 + 2*m - 44. What is the remainder when x(-10) is divided by p(24)?
3
Let g(s) = -2*s**3 - 4*s**2 - 4*s - 2. Let j be g(-2). Suppose 4*x = r + j*x - 29, -49 = -2*r - x. Calculate the remainder when r is divided by 11.
1
Suppose -2 = 71*k - 70*k, 0 = 3*y + 4*k - 63925. Calculate the remainder when y is divided by 64.
63
Let h(f) = 377*f - 2253. What is the remainder when h(8) is divided by 380?
3
Suppose 0 = 11*f - 2*f - 36. Suppose -292 = -3*n + 5*d, -f*n = -d - 2*d - 404. What is the remainder when n is divided by -4*(-2)/((-16)/(-54))?
23
Suppose -4*i + 71 = 19. Let w be (-667)/(-6) + i/(-78). Suppose -2*p = 4*l - 320, p + w + 203 = 4*l. Calculate the remainder when l is divided by 21.
16
Suppose -16*t = 3*z - 17*t - 139, -5*t - 84 = -2*z. Calculate the remainder when 934 is divided by z.
41
Suppose 3*x - 85 = -52. Suppose 0 = 4*z + 4*y - 664, 8*y = -z + x*y + 170. What is the remainder when z is divided by 30?
17
Suppose -155*q + 190*q = 15855. What is the remainder when q is divided by 46?
39
Let z be (6/4)/(4 + 14/(-4)). Suppose 197 = -z*d + 335. What is the remainder when 366 is divided by d?
44
Suppose -18*n + 22*n - 16 = 0, 3*n = 4*h - 1288. Calculate the remainder when 365 is divided by h.
40
Let n(w) = -1302*w + 23544. Calculate the remainder when n(18) is divided by (-39)/(2/2*-1).
30
Calculate the remainder when 287 is divided by (27 - 30)/(2/(-6)).
8
What is the remainder when 13184 + (455/70 - (-15)/(-10)) is divided by 97?
94
Suppose 40*t - 3452 = -452. Calculate the remainder when 521 is divided by t.
71
Suppose 0 = -3*c + 135 - 18. Let s be (-1143)/(-3) + -9 + 10. Let t = -267 + s. What is the remainder when t is divided by c?
37
Let a(r) = 177*r**3 - 4*r**2 - 3*r - 1. Let g be a(-1). Let t = g + 262. Calculate the remainder when t is divided by 17.
15
Let k(f) = -f**2 - 4*f + 60. Let o be k(6). Suppose 13*h - 41*h + 3556 = o. Calculate the remainder when h is divided by 34.
25
Let k be ((-52)/24)/((-12)/504). Let x = k + -39. Calculate the remainder when x is divided by 20.
12
Suppose 4*j - 2*l = 200, -2*j - 2*l + 0*l = -94. Suppose 0 = 32*d - 27*d + 110. Let c = -5 - d. Calculate the remainder when j is divided by c.
15
Let b = -5 - -21. Let s(y) = 3*y**2 + 13*y + 22. Let u be 6*(-35)/(-30)*-1. Calculate the remainder when s(u) is divided by b.
14
Let f = 36 - 16. Let g(h) = 3*h + 3. Let l be g(2). Let q(k) = 6*k + 4. Calculate the remainder when q(l) is divided by f.
18
Let h = 5370 - 5362. What is the remainder when 8695 is divided by h?
7
Let o be 1 + (6/(-6))/(3/(-315)). Suppose -3*b + o = -2. What is the remainder when b is divided by 5?
1
What is the remainder when ((-22506)/(-10) - -2) + -32 + 648/20 is divided by 141?
138
Let k = 100 + -134. Let x = 39 + k. Suppose x*a - 68 = 102. What is the remainder when 134 is divided by a?
32
Let q(z) = -3*z + 22. Let b be q(6). Suppose -86 = -3*a + 4*m, -a + 5*a - 124 = -b*m. Let o = 81 - 78. What is the remainder when a is divided by o?
0
Let v = -54 - -57. Suppose -v*b = 2*u - 86, 4*b + 55 = 2*u - 45. Suppose -i - 16 = -2*i. What is the remainder when u is divided by i?
14
Suppose -5*d = 2094 - 744. Let b = 281 + d. Calculate the remainder when 118 is divided by b.
8
Suppose 4*w - 8*w - 44 = 4*u, -3*w - 2*u - 29 = 0. What is the remainder when 75*4/(-42)*w is divided by 15?
5
Suppose -9*y + 3*y = -744. Suppose 3*u - x - 116 = 0, 2*x - y = -3*u + x. What is the remainder when 197 is divided by u?
37
Suppose -3*f - 89 = -63 - 1595. Calculate the remainder when f is divided by 261.
1
Let y(j) = -2*j + 37. Let d be y(20). What is the remainder when 156 is divided by (5 - 13 - -5)/(d/20)?
16
Let o = -1252 - -1631. What is the remainder when o is divided by 20?
19
Let q(d) = -d**3 - 4*d**2 + 11*d - 2. Let x be q(-6). Let m be (x + (-36)/8)*8. What is the remainder when 4/((-11)/3 - m) is divided by 6?
0
Suppose -2275 = 21*d - 595. Calculate the remainder when -1*4 - (-19 + d) is divided by 16.
15
Let f = 46 + -8. Let c = -3307 + 3315. Calculate the remainder when f is divided by c.
6
Let x(f) = 9*f + 124. Let b(n) = 3 - n + 4*n - 1 + 2*n. What is the remainder when b(9) is divided by x(-11)?
22
Let m = 920 + -245. Suppose 5*p - 5*r - m = -120, 0 = -4*p - r + 444. Let t = 1655 - 1627. What is the remainder when p is divided by t?
27
Suppose b = l - 115, -4*l - 6*b = -9*b - 465. Calculate the remainder when (626/(-2))/(l/(-240)) is divided by 19.
18
Let t(n) = -n**2 - 8*n - 11. Let r be t(-7). Suppose 10*q + 10 = 11*q. Calculate the remainder when -4*(r*(3 + 3) - -2) is divided by q.
8
Suppose -i - 56 = -272. Calculate the remainder when 2159 is divided by i.
215
Let h(k) = 1151*k - 17189. Let v = -68 - -107. What is the remainder when h(15) is divided by v?
37
Suppose 2*l - 464 = l. Let i = l + -391. What is the remainder when 137 is divided by i?
64
Suppose 5*k - 23 - 7 = 0. Let a = 68 + -95. Let i = k - a. Calculate the remainder when i is divided by 9.
6
Calculate the remainder when 532 is divided by (6/432*12)/(-4*(-2)/6288).
8
Suppose 4*z - 429 = -5*u, -12*z = -3*u - 599 - 670. Suppose 0*n = -2*n + 82. What is the remainder when z is divided by n?
24
Let c = 9 - -35. Let l = c - 44. Suppose l = 4*r - 12, -3*j - 2*r = -24. What is the remainder when 17 is divided by j?
5
Suppose 4*f - 4037 = 3*d, 54*f + 1001 = 55*f + 2*d. What is the remainder when f is divided by 62?
15
Let f(q) = -700*q + 93. Calculate the remainder when f(-1) is divided by 40.
33
Let t(d) = d**2 + 9*d + 7. Let f(l) = -13*l**3 - 2*l - 1. Let a be f(2). Let m = 99 + a. What is the remainder when 49 is divided by t(m)?
15
Let u = 51 - 41. Suppose 6*d + 88 = u*d. Suppose -i = 4*m - d - 37, 0 = -2*m - 5*i + 7. What is the remainder when 62 is divided by m?
14
Let y be (-1 - 4) + 58 + -61. Let q(x) = -24*x - 10 + 21*x - 10. What is the remainder when 8 is divided by q(y)?
0
Let s(m) = -m**3 - 26*m**2 + 16*m + 91. Calculate the remainder when s(-27) is divided by 373.
15
Calculate the remainder when (4 - 1)/(((-30)/135)/(64/(-6))) is divided by 15.
9
Let o = -6 - -32. Suppose 3*n = 5*v - 2*n - 1090, -2*v - 2*n + 444 = 0. What is the remainder when o is divided by (1/3 - v/60)*-3?
6
Suppose -7*n - 22 - 475 = 0. Let h = -35 - n. Let v = 70 - h. What is the remainder when 168 is divided by v?
32
Let t(v) = 5*v**2 + 8*v - 10. Let m be t(1). Suppose z - 5*o - 14 = 72, -6*z + m*o = -543. What is the remainder when 363 is divided by z?
90
Let w = 13352 - 9591. Calculate the remainder when w is divided by 38.
37
Calculate the remainder when 76 is divided by 2 + 1 - (-19)/(-7 + 12 + -4).
10
Let b(r) = 81*r + 2342. Calculate the remainder when b(-27) is divided by 71.
13
What is the remainder when 2632 is divided by ((6460/30 - 5) + 9)*6?
0
Suppose -i + 90 = -5*h + 27, 139 = 5*i - 3*h. Suppose -s = -5*s + 228. What is the remainder when s is divided by i?
11
Suppose 0 = t - 4*v - 3 - 11, 4*t - 5*v - 111 = 0. Suppose -5*r + 20 = -r. Calculate the remainder when t is divided by r.
4
Let h = -20 - -36. Let k(q) = -9*q**2 + 60*q + 7. What is the remainder when k(2) is divided by h?
11
What is the remainder when 626 is divided by (-160)/2*2*(-26)/130?
18
Let z(i) = -i**3 + 5*i**2 - i - 7. Let y be z(4). Suppose 7*t + 30 + y = 0. Calculate the remainder when 23 is divided by -7*(-2 - t - 4).
2
Let n = 6802 - 6608. Calculate the remainder when n is divided by 99.
95
Let h(y) = y**2 + y + 3. Let j(m) = 29*m**2 - 4*m - 5. What is the remainder when j(-1) is divided by h(-3)?
1
Suppose 23*k + 2*k = 166348 + 14077. Calculate the remainder when k is divided by 9.
8
Suppose -m = -4*i + 1132, 9*i - 8*i + 4*m - 283 = 0. Suppose 5*x = 50 + 15. What is the remainder when i is divided by x?
10
Suppose 10*r - y = 8*r + 3961, r = -y + 1991. What is the remainder when r is divided by 117?
112
Let v(u) = u**